o) = -16329*o + 16329. Calculate y(1).
0
Let k(z) = -3246*z + 129790. Calculate k(40).
-50
Let z(n) = n**3 + 28*n**2 + 19*n - 823. What is z(-22)?
1663
Let x(k) = -2850*k + 8509. Determine x(3).
-41
Let v(m) = -3907*m + 44890. Calculate v(11).
1913
Let x(f) = -340*f + 668. What is x(2)?
-12
Let k(o) = -147*o - 35. Determine k(5).
-770
Let z(g) = -1415*g - 25267. Calculate z(-18).
203
Let t(q) = -3*q**2 + 675*q - 23643. Determine t(38).
-2325
Let i(c) = c**3 - 18*c**2 + 76*c - 932. Calculate i(18).
436
Let d(x) = -x**2 + 6*x + 4339. Give d(69).
-8
Let m(j) = j**3 - 367*j**2 - 39495*j - 1383. Determine m(454).
-21
Let l(x) = -x**3 + 6*x**2 + 24*x - 32. Calculate l(-5).
123
Let r(c) = -1627*c + 1078696. Give r(663).
-5
Let t(w) = 2*w**2 - 595*w - 39941. Give t(354).
61
Let r(y) = -y**3 + 209*y**2 - 345*y - 6364. What is r(207)?
7919
Let z(o) = 6*o**2 + 4441*o + 73763. What is z(-17)?
0
Let g(j) = -3*j**3 + 91*j**2 + 440*j + 8. Give g(-5).
458
Let n(x) = -1350*x + 12847. Give n(7).
3397
Let k(t) = -t**3 - 50*t**2 - 200*t - 240. Give k(-45).
-1365
Let r(m) = -561*m - 9672. What is r(-16)?
-696
Let o(t) = -4476*t + 26911. Calculate o(6).
55
Let r(w) = 964*w**2 + 61704*w + 138. Give r(-64).
-374
Let y(d) = 1840*d + 104791. Determine y(-57).
-89
Let b(z) = 175*z + 32988. Determine b(-189).
-87
Let j(x) = -1362*x - 2200. Determine j(-1).
-838
Let c(d) = 3504*d + 150671. What is c(-43)?
-1
Let b(p) = -3*p**2 + 125*p + 4204. Give b(-22).
2
Let z(m) = m**2 + 623*m + 35272. Determine z(-560).
-8
Let p(u) = 863*u - 6906. Give p(9).
861
Let j(c) = -c**2 + 108*c - 1248. Calculate j(88).
512
Let r(i) = i**3 - 11*i**2 - 6284*i + 50246. Determine r(8).
-218
Let s(a) = -52943*a - 55801917. Give s(-1054).
5
Let c(k) = 2*k**3 - 60*k**2 + 5*k - 1209. Calculate c(31).
868
Let h(i) = -743108*i - 7431107. Give h(-10).
-27
Let o(m) = 15196*m - 638106. What is o(42)?
126
Let l(z) = -6*z**3 - 373*z**2 + 1105*z + 17. Determine l(3).
-187
Let a(d) = 1654*d + 120735. Calculate a(-73).
-7
Let w(t) = 10650*t + 692310. What is w(-65)?
60
Let m(n) = -238*n - 6015. What is m(-25)?
-65
Let f(t) = -32*t**3 - 546*t**2 - 173*t - 2403. What is f(-17)?
-40
Let w(f) = 19*f**3 + 3*f**2 + 862*f + 1715. Give w(-2).
-149
Let d(s) = -415*s - 79516. What is d(-192)?
164
Let q(g) = -60869*g + 486943. Determine q(8).
-9
Let t(k) = -2*k**2 - 6905*k - 3681833. What is t(-659)?
0
Let a(j) = -3*j**2 - 955*j + 7714. Calculate a(8).
-118
Let m(b) = 2299*b - 1112702. What is m(484)?
14
Let n(u) = -u**3 + 3*u**2 + 125*u + 440. What is n(-5)?
15
Let t(d) = 5*d**2 - 5325*d + 52742. Determine t(10).
-8
Let t(o) = -o**3 + 14*o**2 + 1280*o - 22523. Give t(32).
5
Let n(m) = 3*m**2 + 467*m - 136. Determine n(-154).
-906
Let f(q) = 79*q + 12821. Give f(-168).
-451
Let y(p) = p**3 - 150*p**2 + 1013*p - 151951. What is y(150)?
-1
Let s(a) = -46*a**3 + 1759*a**2 + 36736*a + 19. Calculate s(-15).
4
Let w(l) = -755*l + 21137. What is w(28)?
-3
Let l(i) = -4786*i - 253646. Give l(-53).
12
Let x(b) = 546*b - 76988. Determine x(141).
-2
Let c(g) = -7*g**3 - 8*g**2 - 265*g - 265. Give c(-1).
-1
Let q(d) = d**2 + 1133*d - 41775. What is q(36)?
309
Let v(i) = 3*i**2 - 8958*i - 17908. Calculate v(-2).
20
Let i(u) = -20*u**2 + 21*u + 199. Calculate i(-9).
-1610
Let p(w) = -10*w**2 + 241*w - 1706. Give p(7).
-509
Let z(x) = x**3 + 282*x**2 - 558*x + 4467. Determine z(-284).
1627
Let n(u) = -29*u**2 - 1890*u + 49. Calculate n(-65).
374
Let m(j) = 463523*j + 1854083. Give m(-4).
-9
Let t(m) = 33*m**2 + 185*m + 553. Determine t(-3).
295
Let o(l) = 118*l**2 - 233*l - 13. Determine o(2).
-7
Let n(r) = -r**2 - 101*r - 1179. Determine n(-88).
-35
Let k(m) = 34836*m - 22. Give k(0).
-22
Let w(d) = -d**3 - 210*d**2 - 214*d - 918. Calculate w(-209).
127
Let u(n) = 14*n**2 - 5668*n + 4877. Give u(404).
29
Let s(x) = x**3 + 7*x**2 + 23*x + 4. Calculate s(-4).
-40
Let k(b) = -45*b**2 + 269*b + 1624. What is k(-6)?
-1610
Let x(a) = 780*a**2 - 12496*a + 249. Determine x(16).
-7
Let y(z) = -z**2 - 436*z - 4616. Determine y(-11).
59
Let l(k) = -11*k**3 + 151*k**2 + 32*k - 170. Calculate l(14).
-310
Let z(g) = g**2 - 43*g + 1638. What is z(31)?
1266
Let l(j) = 23*j - 690. What is l(9)?
-483
Let a(s) = 5896*s - 147414. Determine a(25).
-14
Let r(c) = -10*c**2 + 19*c + 13. What is r(-1)?
-16
Let t(l) = l**2 + 184*l - 2278. Determine t(11).
-133
Let g(j) = -71312*j - 713088. Determine g(-10).
32
Let d(c) = c**3 + 311*c**2 - 2234*c - 2540. Calculate d(-318).
4
Let n(c) = -5*c**2 + 1721*c + 17729. Determine n(354).
383
Let t(h) = -17547*h + 771960. Give t(44).
-108
Let m(f) = 2*f**2 - 1024*f + 91872. Determine m(116).
0
Let p(v) = 11970*v - 47881. What is p(4)?
-1
Let p(v) = v**3 + 53*v**2 - 253*v - 10739. Give p(-54).
7
Let c(k) = -12*k**3 - 915*k**2 - 229*k + 168. What is c(-76)?
244
Let t(r) = 21743*r - 108869. Give t(5).
-154
Let i(o) = -10*o**2 - 1147*o - 5214. Calculate i(-5).
271
Let g(y) = -655*y**2 + 7335*y - 1566. What is g(11)?
-136
Let k(b) = -3*b**2 + 52*b + 3134. Determine k(42).
26
Let u(l) = -l**3 + 217*l**2 - 4466*l + 810. What is u(194)?
34
Let q(k) = k**2 - 1013*k + 34612. Determine q(34).
1326
Let u(k) = -3*k**2 + 53327*k + 106683. What is u(-2)?
17
Let s(d) = -4*d**2 - 193*d - 514. What is s(-23)?
1809
Let z(q) = -13704*q - 67770. Give z(-5).
750
Let c(u) = -16*u**2 + 1151*u + 3681. Calculate c(75).
6
Let z(a) = -a**3 - 45*a**2 + 53*a + 14. Determine z(-46).
-308
Let b(p) = 190*p**2 + 2484*p + 77. Determine b(-13).
-105
Let b(k) = 3*k**2 + 2772*k - 260691. Give b(86).
-111
Let x(c) = 3*c**2 + 66*c - 47. What is x(-26)?
265
Let j(x) = 5*x**3 + 326*x**2 + 1278*x - 195. Calculate j(-61).
-12
Let w(m) = -181*m**2 + 2344*m - 3935. Determine w(2).
29
Let h(w) = 2516*w - 271731. Calculate h(108).
-3
Let r(q) = 49*q + 1970. Determine r(-53).
-627
Let y(w) = -w**2 - 202*w - 9341. Calculate y(-74).
131
Let m(y) = -2*y**2 - 108*y - 2103. Determine m(-36).
-807
Let z(o) = -8695*o - 1878067. Calculate z(-216).
53
Let a(y) = -18*y**3 - 226*y**2 - y - 86. What is a(-13)?
1279
Let z(w) = -45*w**3 - 198*w**2 + 387*w + 4. Determine z(2).
-374
Let b(h) = 2*h**2 + 803*h - 111885. What is b(-511)?
24
Let d(i) = -i**2 + 58135*i + 232548. What is d(-4)?
-8
Let m(c) = -617405*c - 3087031. Calculate m(-5).
-6
Let z(o) = -3*o**3 + 28*o**2 - 320*o + 537. Give z(2).
-15
Let w(n) = -13*n**3 - 3*n**2 - 2223*n + 2226. What is w(1)?
-13
Let u(h) = -18573*h - 1467262. Give u(-79).
5
Let g(m) = -1368*m**2 - 51*m - 1. Calculate g(1).
-1420
Let b(x) = -30057*x + 180344. Determine b(6).
2
Let t(x) = -14874*x + 728830. Give t(49).
4
Let g(h) = -3*h**3 + 10*h**2 + 14*h - 316. Give g(7).
-757
Let d(w) = w**3 + 67*w**2 + 215*w + 5438. What is d(-65)?
-87
Let i(r) = -34*r**2 - 1312*r - 11899. What is i(-24)?
5
Let y(t) = -3*t**2 - 141*t - 1303. Determine y(-35).
-43
Let g(d) = 5*d**3 - 69*d**2 - 376*d + 5649. Calculate g(10).
-11
Let b(y) = -591*y + 140080. Give b(237).
13
Let z(n) = -116*n + 15850. Determine z(129).
886
Let h(r) = r**2 - 10505*r + 220173. Calculate h(21).
9
Let x(n) = n**3 - 4*n**2 - 3162*n + 12625. Calculate x(4).
-23
Let w(a) = -a**3 + 327*a**2 - 975*a + 288. Determine w(324).
-684
Let a(s) = -5*s**2 - 141085*s - 1269386. Calculate a(-9).
-26
Let p(x) = 107002*x - 1070034. Determine p(10).
-14
Let f(l) = l**2 - 75*l - 3038. What is f(-29)?
-22
Let k(p) = 65*p**2 - 201*p + 1235. Give k(5).
1855
Let m(u) = -7*u**2 + 739*u - 6216. Calculate m(96).
216
Let f(m) = -m**3 - 110*m**2 - 305*m + 12676. Determine f(-106).
62
Let f(x) = 20*x**2 + 160*x + 1519. What is f(-8)?
1519
Let q(i) = -67080*i + 871985. Calculate q(13).
-55
Let c(k) = -9*k - 591. Calculate c(-50).
-141
Let b(n) = -10*n**3 + 33*n**2 - 34*n + 175. What is b(7)?
-1876
Let l(x) = 1393264*x - 6966329. Give l(5).
-9
Let x(t) = -2431*t - 38929. Determine x(-16).
-33
Let o(b) = 44*b**3 + 25599*b**2 - 5239*b - 568. Give o(-582).
14
Let d(c) = 2459*c + 68864. What is d(-28)?
12
Let o(d) = -13475*d - 336840. Give o(-25).
35
Let b(m) = 2*m**2 - 48*m + 2524. Determine b(23).
2478
Let w(a) = -2*a**3 - 27*a**2 + 3462*a + 45185. Determine w(-13).
10
Let t(r) = 2403446*r + 33648245. Determine t(-14).
1
Let g(o) = -5288*o + 10561. What is g(2)?
-15
Let c(s) = 227*s**2 - 42*s - 75. Calculate c(-2).
9